alculate the remainder when (-114)/(-21)*42/3 is divided by 13*(1 - w - 0).
24
Suppose -k = 1, 0 = 4*t - 4*k - 46 - 250. Suppose q + 33 - t = 0. What is the remainder when q is divided by 2*26/4 + -2?
7
Let j = 10 - 6. Suppose j = -4*u, 2*c - 8 = -u + 11. What is the remainder when (493/58)/((-2)/(-4)) is divided by c?
7
Let h(c) = -c**3 + 13*c**2 + 5*c + 3. What is the remainder when h(12) is divided by 74?
59
Let y = 59 - 1. Suppose 0 = -5*o + 22 + y. What is the remainder when 61 is divided by o?
13
Suppose 5*d + 50 = -5*q, q + 3*d + 35 = -3*q. What is the remainder when 33 is divided by 1/(118/(-24) - q)?
9
Let g be (-72)/(-45) + -1 + (-7)/(-5). Calculate the remainder when 32 is divided by (4 - (-14)/(-4))/(g/20).
2
Suppose -100 = -2*l - 5*i, 0*l - 20 = -l + 5*i. Calculate the remainder when 182 is divided by ((-610)/l)/((-3)/12).
60
Suppose -3*s = -0*s - 222. Let a = 127 - s. What is the remainder when a is divided by 14?
11
Let x = 90 + 43. Calculate the remainder when x is divided by 24.
13
What is the remainder when 177 is divided by (5/(-2) + 1)/((-9)/126)?
9
Let v(y) = -8*y**2 + 4*y - 3. Let z be v(1). What is the remainder when 322/12 + z/(-42) is divided by 15?
12
Let v = 348 + -255. What is the remainder when v is divided by 12?
9
Let j = -637 - -802. Calculate the remainder when j is divided by 24.
21
Let s be 2*-1 + -4 + 80. Let n = s + 72. Suppose 5*l - 104 = n. What is the remainder when l is divided by 26?
24
Suppose o + 3*a = 2*o - 437, 1335 = 3*o - 3*a. What is the remainder when o is divided by 20?
9
Let v = -1794 - -1851. Calculate the remainder when 168 is divided by v.
54
Suppose 2 + 88 = 5*z. Suppose -29*n + 1393 - 378 = 0. What is the remainder when n is divided by z?
17
Calculate the remainder when 4/(-6) - (274792/42)/(-28) is divided by 6.
5
Suppose x + 10 = 2*x. Suppose -3*w + 0 + 59 = -2*p, 5*w - 99 = 4*p. Calculate the remainder when w is divided by x.
9
Calculate the remainder when (-23)/(-1 + 1/2) is divided by 16.
14
Let c be 6/9 - (-671)/(-3). Let b = -156 - c. What is the remainder when 265 is divided by b?
64
What is the remainder when 5170/40 - 1/4 is divided by 35?
24
Let x(y) be the second derivative of y**5/10 + y**4/12 - 2*y**3/3 + 2*y**2 - 11*y. What is the remainder when 94 is divided by x(2)?
14
Suppose 172*x - 178*x + 288 = 0. Calculate the remainder when 105 is divided by x.
9
Suppose -39 = -9*m - 3. Suppose 0 = -m*w + 79 + 337. Calculate the remainder when w is divided by 27.
23
Suppose 5*z - 146 = -3*c, -c - 2*c = 2*z - 143. Calculate the remainder when c is divided by 10.
7
Suppose -6*k = -5*r - 4*k + 52, 0 = 2*k - 8. Let v(c) = -c**2 - 21*c + 3. Calculate the remainder when v(-18) is divided by r.
9
What is the remainder when 504 is divided by ((-550)/(-400))/((-1)/(-8))?
9
Suppose 8*r - 85 = 3*r. Calculate the remainder when r is divided by (1 - (-10)/(-4))*88/(-11).
5
Suppose 3*z - 501 = 3*h, -z - 650 = -5*z - 5*h. What is the remainder when z is divided by 56?
53
Suppose -26*g = -435 - 449. What is the remainder when g is divided by 27?
7
Calculate the remainder when 6*1 - (-59 + 28) is divided by 13.
11
Suppose 0 = -4*t - 4*t + 576. Suppose 5*s + t - 292 = 0. What is the remainder when s is divided by 12?
8
Suppose 2*q = -3*f - 14 + 36, -4*q + 3*f = -8. Suppose 0 = 3*w + 4*u - 26, -q*u + 13 = 3*w - 18. What is the remainder when 2 is divided by w?
0
Let s = 599 + -572. What is the remainder when s is divided by 7?
6
Suppose 2067 = 11*s - 815. What is the remainder when s is divided by 33?
31
Suppose 2*p = -5*p + 77. Suppose 7*n - 11*n + 208 = 0. Calculate the remainder when n is divided by p.
8
Let r be -149 - (3 - 3) - (-1 - 0). What is the remainder when (r/(-2) + -3)*1 is divided by 18?
17
Let a(j) be the second derivative of j**5/20 + 7*j**4/12 + 5*j**3/6 + j**2/2 + 35*j. What is the remainder when a(-5) is divided by 6?
2
Let c(s) = 8*s**2 + 4*s + 2. Let h = -129 - -161. What is the remainder when c(-3) is divided by h?
30
Let m be (6/12)/1*2*9. Suppose -m*p + 138 = -6*p. Calculate the remainder when 87 is divided by p.
41
Let n(l) = -6*l - 7. Let y be n(2). Let b = y + 24. Let w(g) = 2*g + 3. What is the remainder when w(5) is divided by b?
3
Let t(i) be the second derivative of -8*i**3/3 - 29*i**2/2 - 30*i. What is the remainder when 207 is divided by t(-4)?
32
Let g be (-986)/(-136) - 1/(-4)*-1. What is the remainder when g + -4 - 9*-2 - 0 is divided by 4?
1
Suppose -3*f + 8*b = 7*b - 312, 0 = -5*f - 2*b + 520. Calculate the remainder when f is divided by 36.
32
Let s = -30 + 55. Suppose -4*k = 5*p - 134, s = p - 0*p - k. Suppose -2*r = -8, -283 = -2*j - j + 5*r. Calculate the remainder when j is divided by p.
23
Let n be ((-10)/2 - -10)*2. Let p(d) = 3*d**2 - 3*d**2 + 14 - 10*d + d**2. Calculate the remainder when 25 is divided by p(n).
11
Calculate the remainder when 2478/42 + -2 + -6 is divided by 27.
24
Suppose 2*r + 8*r - 2270 = 0. Suppose 6*z - r = 163. Calculate the remainder when z is divided by 24.
17
Suppose -35*j + 2305 = -320. Calculate the remainder when j is divided by 18.
3
Let f(v) = v**3 + 7*v**2 + 8*v + 6. Let g = -232 - -242. Calculate the remainder when f(-5) is divided by g.
6
Let q(o) = 16*o - 247. What is the remainder when (-2 - 0)*(1 - 38) is divided by q(17)?
24
Suppose -48 = -3*u + 126. Suppose -193 + u = -5*p. Calculate the remainder when 6 is divided by (-6)/4*(-36)/p.
0
Let h be (-79)/(-4) + 3/(-4). Let z = 37 - h. What is the remainder when 87 is divided by z?
15
Let w be 4 + -1 - (0 + 1). Let p(t) = 5*t**2 + t**2 - 3*t**2 - 2*t**w - 2. What is the remainder when p(5) is divided by 8?
7
Let m(b) = b + 2. Let f be m(0). Suppose -f*a = -6*a. What is the remainder when ((-2)/4 + a)*-50 is divided by 7?
4
Let k be (-4 + 2)/(4/26). Let x = k - -48. What is the remainder when 104 is divided by x?
34
Let p = -21 + 42. Suppose 3*a = 3*j + 5*a - 15, 2*a - p = -5*j. Calculate the remainder when 7 is divided by j.
1
Suppose -4*p + h + 113 = 0, -7*p - 39 = -9*p - 3*h. What is the remainder when 73 is divided by p?
19
Calculate the remainder when 40 is divided by 18/12 - 33*5/(-30).
5
Suppose -2*z + 1320 = 22*z. What is the remainder when 108 is divided by z?
53
Suppose -83 = -g + 182. What is the remainder when g is divided by 38?
37
Let v be ((-2)/(-5) - 792/55)/(-2). Calculate the remainder when ((-162)/21)/((-1)/v) is divided by 8.
6
Let k = 149 + -49. Calculate the remainder when (60/k)/(1/215) is divided by 33.
30
What is the remainder when 196 is divided by -3 + (-27)/(-6) - 205/(-10)?
20
Let b = 79 + -42. What is the remainder when b is divided by 0 + 1 - -12 - (-3)/(-1)?
7
Suppose j - 25 = -5. Calculate the remainder when 27 is divided by j.
7
Let m(w) = 4*w - 5. Let g be (-126)/3 + -1 - (-1 - -2). Let y = 86 + g. What is the remainder when y is divided by m(4)?
9
Let c(l) = -11*l - 14. Calculate the remainder when c(-7) is divided by 27.
9
Suppose -3*z = 12*z - 615. Calculate the remainder when 131 is divided by z.
8
Let w(y) = 9*y**2 - 55*y + 74. Calculate the remainder when w(7) is divided by 2 + -1 + 16*2.
31
Let v = -71 - -131. Let y = v + -36. Calculate the remainder when 142 is divided by y.
22
Calculate the remainder when (-9 + 2 + 6)*-263 is divided by 62.
15
Let t(d) = 4*d**2 + 6*d - 12. Let g be t(-7). Suppose -2*m - 4*b + g = b, 355 = 5*m - 5*b. Calculate the remainder when m is divided by 19.
14
Suppose 0 = 4*h - 25 - 311. Suppose -22*g + h = -16*g. What is the remainder when 34 is divided by g?
6
Let v(u) = -6*u + 5*u + 5*u**2 + 16*u - 9*u**3 + 7 + 8*u**3. Calculate the remainder when (-21 + 1)*(-10)/8 is divided by v(7).
11
Let l(k) = -k + 1. Let a(v) = 11*v + 38. Let y(q) = -a(q) - 3*l(q). What is the remainder when y(-12) is divided by 28?
27
Let z = 35 + -19. Suppose f + 17*f - 810 = 0. What is the remainder when f is divided by z?
13
Calculate the remainder when (-95)/5*(4 + (-24)/4) is divided by 10.
8
Let m(r) = 3*r. Let k = 208 - 111. Suppose 2*b - n - k = 0, 4*b + n - 131 = 78. Calculate the remainder when b is divided by m(6).
15
Let c = -533 + 530. Suppose 6 = 3*b + b - 3*s, -5*b - 3*s = -21. Let z = b - c. Calculate the remainder when 21 is divided by z.
3
Suppose -2*z + 13 = -3. Calculate the remainder when 87 is divided 